 - -1) is divided by l.
21
Suppose 2*a = 3*a - 59. Suppose 7*w - 33 = -4*w. Suppose w*v - 90 = -3*v. What is the remainder when a is divided by v?
14
Suppose 56 = -2*i + 596. Calculate the remainder when i is divided by 13.
10
Let t be 4 - (1 + 63 + -1). Let v = 63 + t. What is the remainder when v is divided by 1?
0
Suppose -22400 = 183*a - 193*a. What is the remainder when a is divided by 59?
57
Let i = 360 - 189. Suppose 59 - i = -7*l. What is the remainder when 29 is divided by l?
13
What is the remainder when 1039 is divided by (10/14)/(14/196)?
9
Let r(o) = -o**3 + 25*o**2 - 19*o - 63. What is the remainder when 154 is divided by r(24)?
40
Suppose 67*k = 166 + 437. Calculate the remainder when (-2)/3 - (-74)/3 is divided by k.
6
Suppose -2*p + 24 + 20 = 0. Suppose -506 = -4*q - 70. What is the remainder when q is divided by p?
21
Let d(x) = -x**2 - 9*x - 15. Let l be d(-6). Suppose -2*c + i = l*i - 30, -65 = -4*c + i. What is the remainder when 29 is divided by c?
13
Let n be (6 - -3)/(6/28). Suppose r - n = -2*r. Suppose -r + 77 = 3*s. What is the remainder when s is divided by 12?
9
Let w = 18 + -14. Suppose 0 = -5*v + d + 129, v = -0*v + w*d + 22. What is the remainder when 73 is divided by v?
21
Suppose -2*g - d - 3*d = -4, -1 = -3*g - d. Suppose -m + 59 = 5*v, g*m + 67 = 5*v + 3*m. What is the remainder when 26 is divided by v?
4
Suppose 2*n + n = 2*g + 17, -4*n + 2*g = -24. Let u(c) = c**3 - 5*c**2 - 7*c - 20. Calculate the remainder when 231 is divided by u(n).
28
Suppose -13*w - 277 - 35 = 0. Calculate the remainder when 403/4 - (30/w)/5 is divided by 26.
23
Let v = 266 - 171. Suppose 5*n - v = -0. What is the remainder when 54 is divided by n?
16
Let r(l) = l - 1. Let h be r(-7). Suppose 0 = -3*c - 5*q + 131, 2*q + 3*q + 54 = 2*c. Let z = c + h. Calculate the remainder when z is divided by 10.
9
Let c = -33 + 32. Let p(w) = -65*w**3 + w**2 + w. Let l be p(c). Suppose -21*d + 16*d + l = 0. What is the remainder when 37 is divided by d?
11
Suppose -12*i = -17*i - 15. What is the remainder when 4 is divided by i/(-1)*(0 - -1)?
1
Suppose 2*b - 235 = -5*y, -3*b - 94 = 5*y - 7*y. Calculate the remainder when 89 is divided by y.
42
Suppose 6551 = -4*v + 887. Calculate the remainder when (2/(-6))/(2*4/v) is divided by 12.
11
Suppose -3 = -k - 2*g, 5*k + 5*g - 5 = 15. Suppose -2*r + 8 - 512 = 0. What is the remainder when 2/8 - r/16 is divided by k?
1
Suppose d + 0*d = 3. Suppose 5*r = -5*b + 2*r + 15, 0 = 5*b - 3*r - 45. Suppose -3*j + j = b, -d*g = -j - 60. Calculate the remainder when 35 is divided by g.
16
Let y(g) = 5*g + 5. What is the remainder when y(0) is divided by 3?
2
Let i be 0*(-5)/10 - -47. Let g = i + -33. Calculate the remainder when 21 is divided by g.
7
Let r = 116 + -53. What is the remainder when 119 is divided by r?
56
Let k(y) = 1379*y**3 + 3*y**2 - y - 1. Let j be k(1). Calculate the remainder when 72 is divided by 3/5 + j/75.
15
Let f(p) = 6*p**2 - 2*p - 2. Let i = -970 + 1022. What is the remainder when i is divided by f(2)?
16
Let x be 5 + -4 + 1 + -2. Suppose -4*n - 2*f + 14 = 0, x*n + 5*n - 1 = 3*f. Calculate the remainder when 71 is divided by (15 - -5) + (-4)/n.
17
Let a(f) = 2*f**2 + 5*f - 3. Let t be a(-4). Let i be t/(-18) + 10/(-4). Calculate the remainder when 6 is divided by 4 + i + 2 + -1.
0
Suppose 120 + 40 = 4*x. Calculate the remainder when 115 is divided by x.
35
Let x = -7 - -18. Suppose -180 = 4305*a - 4315*a. What is the remainder when a is divided by x?
7
What is the remainder when 33 is divided by (-2)/16 - 11051/(-344)?
1
Let d = -1581 + 1628. What is the remainder when d is divided by -30*((-4)/(-5))/(-2)?
11
Suppose 326 = 17*y - 405. Calculate the remainder when 66 is divided by y.
23
Let a(l) = 5*l**3 - 5*l + 5. Let j be a(4). Suppose i - j = -4*i. Calculate the remainder when i is divided by 16.
13
Suppose -11*m = -21*m + 130. Calculate the remainder when 44 is divided by m.
5
Suppose -2*u + 5*u - 78 = 0. What is the remainder when u is divided by 25/(-30)*-6 - -5?
6
Let i = 936 + -883. What is the remainder when 262 is divided by i?
50
Let w(c) = c**2 + 9*c + 31. Calculate the remainder when 50 is divided by w(-6).
11
Suppose p + o - 21 = -2*p, o + 15 = 3*p. Let u = 37 + -22. Calculate the remainder when u is divided by p.
3
Suppose -2*t = 4*t + 72. What is the remainder when 3 is divided by (3/t)/(6/(-24))?
0
Suppose 3 = w - 36. Calculate the remainder when 193 is divided by w.
37
Let t = -14 - -24. What is the remainder when 16 + (5 + -8)*1 is divided by t?
3
Let r(b) = 79*b - 294. Calculate the remainder when 459 is divided by r(4).
19
Suppose -3*t - 3*a = -9, -5*t + a + 7 = -2*a. Suppose -9*u = -8*u - 3. Suppose u*n + 7 = 4*n. What is the remainder when n is divided by t?
1
Let v(i) = -i**3 - 8*i**2 - 3*i + 17. Calculate the remainder when v(-8) is divided by 6.
5
Calculate the remainder when -1 - ((7 - 8) + -7) is divided by 7.
0
Let j = 101 - 86. Suppose 5*l = -0*l + 45. Suppose 3*g - 78 = l. What is the remainder when g is divided by j?
14
Let d = -15 - -11. What is the remainder when (-284)/(-11) + (-50)/(-275) is divided by (2 - d)/((-4)/(-10))?
11
Suppose 0 = -3*i - 2*m - 2*m + 20, -i = -4*m + 4. Suppose 0 = -d + 4*d - 12. What is the remainder when -3 + (20 - (d + -1)) + -1 is divided by i?
1
Suppose 12 = 2*z + 16. Let w(l) = -11*l**3 + 3*l**2 + 3*l + 1. What is the remainder when w(z) is divided by 33?
29
Let g(l) = -l**2 + 13*l - 12. Let n be g(11). Let k(b) = b**3 - 9*b**2 - 8*b - 11. Calculate the remainder when 34 is divided by k(n).
7
Let i(u) = -u + 4. Let h be i(-5). Let v be ((-192)/h)/(-4)*27. Suppose 0*j + v = 2*j. What is the remainder when j is divided by 25?
22
What is the remainder when (((-90)/(-4))/5)/(2/12) is divided by 7?
6
Calculate the remainder when 445/267*1*30 is divided by 3.
2
Let n(g) = 2*g**2 - 2*g + 4. Let a be n(3). Let z be (0 - -3)*a/6. Suppose -4*p = -z*p + 8. Calculate the remainder when 9 is divided by p.
1
Let l(f) = -f**3 + 10*f**2 + f - 8. Let k be l(10). Suppose 19 - 48 = -k*c - 3*d, -c - 4*d = -12. What is the remainder when 94 is divided by c?
14
Suppose 9*r = -274 + 3496. Calculate the remainder when r is divided by 125.
108
Suppose 5*i - 3*d = 54, 20 = 3*i - i - 2*d. Let k be ((-2)/6)/((-2)/i). Suppose -3 = -k*r + 17. Calculate the remainder when r is divided by 6.
4
Let p(w) = -w**3 + 3*w**2 + 8*w - 12. Let j be p(4). Suppose 5*i - 5*k - 31 - 24 = 0, j*i - 26 = -2*k. What is the remainder when 29 is divided by i?
5
Suppose 8*p = -3*p + 77. Calculate the remainder when (-76)/19 - -1*27 is divided by p.
2
Suppose 83*k - 90*k + 1316 = 0. Calculate the remainder when k is divided by 32.
28
Suppose 0 = -m - 2, -f - 315*m = -317*m - 9. What is the remainder when 26 is divided by f?
1
Let f(w) = -w + 102. Calculate the remainder when f(25) is divided by 27.
23
Suppose -4*q + 117 = 5. Let a = q + 9. Calculate the remainder when a is divided by 10.
7
Suppose 4*g = l + 42, -14*l + 13*l - 52 = -5*g. What is the remainder when 116 is divided by g?
6
Let x = 1612 - 898. Calculate the remainder when x is divided by 11.
10
Let t(y) = y**3 + 4*y**2 + y + 2. Let z be t(-4). Suppose 408*h - 404*h - 76 = 0. Calculate the remainder when 55*(z + 1 + 2) is divided by h.
17
Suppose -11*b + 241 = 175. Calculate the remainder when 21 is divided by b.
3
Let j = 200 - 180. Suppose 0 = 5*l + c - 3*c - 53, 2*l + 5*c - 27 = 0. What is the remainder when j is divided by l?
9
Let j(y) = y**2 - 2*y - 6. Let f be 182/(-28) - (-1)/(-2). Let i = f + 12. Calculate the remainder when j(i) is divided by 4.
1
Let h(w) = w + 1. Let t(x) = -29*x + 10. Let j(d) = 5*h(d) - t(d). Let z = 0 - -16. Calculate the remainder when j(2) is divided by z.
15
Suppose 641 = n - 3*m, 5*n - 3181 = 2*m + m. Suppose -13*d = n - 2273. Calculate the remainder when d is divided by 43.
40
Suppose -6 = -5*f + 2*i - 37, -2*i - 4 = 0. Let d(w) = w**2 + 9*w + 17. Let n be d(f). Calculate the remainder when 38 is divided by (-3*16/n)/(-2).
6
Let t(z) = -z**3 - 21*z**2 - 3*z - 46. Calculate the remainder when 2123 is divided by t(-21).
15
Let y(u) = 12*u + 1. Let j be y(1). Suppose -39 + j = -2*p. What is the remainder when 90 is divided by p?
12
Suppose 3*l = -2*x + 106, -5*x = l - 5*l - 265. 